 What is d(w)?
6
Let t = -2 + 5. Suppose -5*i - 5 = 2*p, -t*p = -6*i + 5*i - 18. Let x(s) = 5*s**2 + 2*s**2 + s + 2*s**3 + 2 - p*s**2 - 4*s**2. Give x(2).
12
Let b(u) = 5*u + 1. Let d(a) = 11*a + 13. Let o be d(-2). Let g(n) = -20*n - 5. Let v(q) = o*b(q) - 2*g(q). Give v(3).
-14
Let i(j) = j**3 + 4*j**2 - 3*j. Let l(z) be the third derivative of z**5/60 + z**4/3 - 7*z**3/6 + 2*z**2. Let w be l(-9). Calculate i(w).
18
Let o(c) = c - 13. Let k(l) = 2*l - 14. Let i(h) = 2*k(h) - 3*o(h). Let v be i(-11). Let t(w) = w**2 - 5. Calculate t(v).
-5
Let x(n) = n**3 + 5*n**2 - n - 5. Let f be x(-5). Let y(k) = k + 0*k - 5*k + 3*k. What is y(f)?
0
Suppose 5 = -l, j - 2*l - 24 = 3*l. Let g(q) = 7*q**2 + 2*q - 1. What is g(j)?
4
Let s(c) be the third derivative of c**5/60 + 5*c**4/24 - 5*c**3/6 - 3*c**2. Suppose 24*d - 5*i = 20*d - 23, -d - 5*i - 12 = 0. Calculate s(d).
9
Let f(p) be the third derivative of 1/60*p**5 + 5/24*p**4 + 0*p + 0 - p**3 - 11*p**2. What is f(-6)?
0
Let j(y) = -y**3 + 9*y**2 + 5*y - 9. Let o(t) = -t**3 + 10*t**2 + 6*t - 10. Let d(s) = -6*j(s) + 5*o(s). Let k be (28/35)/(2/10). Give d(k).
4
Suppose 0*z = -2*d + 3*z - 4, 4*d = z + 12. Let g(u) = u**2 - u - 9. What is g(d)?
3
Let o(z) = -9*z - 41. Let r be o(-5). Suppose r*t + 24 = 8. Let x(j) = j + 7. What is x(t)?
3
Let v(b) be the first derivative of -b**5/15 - b**4/24 - 12*b**2 + 7. Let y(f) be the second derivative of v(f). Give y(-1).
-3
Let j(a) = -12*a + 34*a - 21*a + 25. Give j(-18).
7
Let s(k) = 2*k**2 - 5*k - 9. Let i(h) = -3*h**2 + 8*h + 13. Let l(p) = 5*i(p) + 7*s(p). Let j be -3 - 7/((-5)/(7 - 2)). What is l(j)?
6
Let x(f) be the first derivative of -5*f**4/4 - f - 34. What is x(-1)?
4
Let o(l) = 145 + 7*l**2 + l - 145. Let f be o(-1). Let w(i) = 2*i - 3*i - i. Give w(f).
-12
Let k(u) be the second derivative of -u**6/360 + u**5/30 - u**4/8 - 25*u**3/6 + u. Let v(p) be the second derivative of k(p). Calculate v(5).
-8
Suppose 0 = -u - 2*u + 6. Suppose a = u + 2. Suppose 0 = -2*k + 4*d - 16, -a*d + 7 + 11 = -3*k. Let n(r) = -3*r - 1. Determine n(k).
5
Let w be 2 - 1 - 3*(-6)/18. Suppose -w = -3*b - 4*c + 2, 2 = -b - 3*c. Let t(h) = -2*h + 3. Calculate t(b).
-5
Let d(h) = -h - 9. Let s(y) = y**3 + 8*y**2 + 7*y + 5. Let q be s(-7). Suppose -2*f - 12 = -t, 4*t = -f - 10 - q. What is d(f)?
-2
Let f(c) be the second derivative of -c**3/6 - 15*c. Let z(l) = -l**3 - 9*l**2 - 7*l + 6. Let h be z(-8). Let a(j) = j. Let u(m) = h*a(m) - f(m). What is u(0)?
0
Let d(j) = -605*j + 299*j + 295*j + 25 - 3*j**2 + 4*j**2. Calculate d(5).
-5
Suppose 2*z - 3 = 3. Let j(w) = -w**z - 2*w - 18*w**2 + 1 - 4*w + 12*w**2. Give j(-5).
6
Suppose 209 - 644 = 5*y. Let g = 83 + y. Let h(w) = -w**2 - 5*w - 1. Calculate h(g).
3
Let x(b) be the first derivative of -6*b**2 + 3 + 0*b + 1/2*b**3 - 1/60*b**5 - 7/24*b**4. Let m(c) be the second derivative of x(c). Determine m(-7).
3
Let l(a) be the third derivative of a**6/360 + a**5/24 - a**4/2 - a**3/3 + a**2 + 23*a. Let k(v) be the second derivative of l(v). What is k(6)?
17
Let t(c) = -7*c**2 + 7*c - 12. Let a(o) = 3*o**2 - 3*o + 5. Let h(w) = 9*a(w) + 4*t(w). Suppose 5*j - 5 - 12 = l, 5*l - 3 = 3*j. Give h(l).
-9
Let o(a) = -2*a**2 - 1 - 10*a**2 + 2. Let k be (-3)/(-2)*(-272)/24. Let t = 18 + k. Give o(t).
-11
Let w = 83/38 + 6/19. Let q(b) be the first derivative of 1/3*b**3 - 3 - 2*b - w*b**2. Give q(4).
-6
Let o(m) = 5*m - 84. Let d be (-27)/(-72) - 282/(-16). Give o(d).
6
Let d(x) = -5*x - 11. Let n(l) = -l - 2. Let g be 5/2 - 2/4. Let z(j) = g*d(j) - 11*n(j). Let t = -393 + 395. Determine z(t).
2
Let i(a) = -a**3 + 8*a**2 - 6*a + 17. Let n be i(7). Suppose 0 = -5*f + 11*f - n. Let j(w) = -w**2 + 7*w - 6. Give j(f).
6
Let y(n) be the second derivative of n**6/120 - 7*n**5/60 + n**4/4 + 7*n**3/6 - 5*n**2/2 - 13*n. Let p(d) be the first derivative of y(d). Give p(6).
7
Let l(p) = p + 91. Let y(h) = -h - 30. Let j(b) = -2*l(b) - 7*y(b). Determine j(-5).
3
Let j(s) = -2*s**2 + 6*s - 6. Let k be ((-185)/(-5) - -2)/1. Suppose 4*b + 60 = -5*x - b, 4*x - 5*b = -k. Let m = 15 + x. Determine j(m).
-14
Let c(f) be the first derivative of 4*f - f**2 - 5/3*f**3 - 15 - 1/4*f**4. Let p(a) = a**3 + 6*a**2 + a + 1. Let v be p(-6). Give c(v).
14
Let z(t) = t**3 - 5*t**2 + 4*t - 4. Let c = 16 + -17. Let h(n) = 6*n**2 + 4*n + 1. Let r be h(c). Determine z(r).
-10
Let o(i) = i**2 + 3*i + 1. Let w(y) be the third derivative of -y**5/30 - y**4/6 + y**3/6 + 25*y**2. Suppose 9 = -5*k - 6. Let j be w(k). What is o(j)?
11
Suppose 7 + 48 = -11*s. Let m(h) = 2 - 4*h + h**3 + 9*h - 1 + 2 + 5*h**2. Determine m(s).
-22
Let k(g) be the second derivative of g**5/20 + 5*g**4/12 + g**3/6 + 7*g**2/2 - 61*g. Give k(-6).
-35
Let g(y) = 4*y**3 + 14*y**2 - 14*y - 18. Let o(m) = -m**3 - 5*m**2 + 4*m + 6. Let f(w) = 2*g(w) + 7*o(w). Determine f(7).
6
Suppose 8*f + 15 = -17. Let i(v) = 2*v**2 + v. Determine i(f).
28
Let j(r) = -r**3 + 7*r**2 - 7*r + 5. Suppose -19 - 36 = -3*v - 5*z, -5*v = 5*z - 95. Let k be (0 + v)*4/10. Let h be 46/k + (-1)/(-4). Give j(h).
-1
Let x(p) = 13*p - 17*p - 11*p**2 + 10*p**2 - 5. What is x(-5)?
-10
Suppose 14*t - 6*t - 8 = 0. Let x(n) be the second derivative of -n**3/3 - n**2/2 + 12*n. Give x(t).
-3
Suppose 6 = -6*f + 24. Let g(j) = -f*j**3 + 5*j - 4*j + 0*j**3 + 4*j**3 - 10. Let b(z) = -z**3 + 8*z**2 - 6*z - 7. Let v be b(7). Calculate g(v).
-10
Let d(q) = -2*q - 10. Let u be (-237)/79 - (-1 + 1). Determine d(u).
-4
Suppose -88 + 97 = -3*n. Let f(z) = -2*z - 6. Give f(n).
0
Let k be -3*3 + 9/(-3). Let x = k - -15. Let g(m) = 0*m**x - m**3 + 12 - 2*m + 4*m**2 - 13. What is g(3)?
2
Let l(q) = -11*q - 2 + 4 + 18*q - 13*q - 8. What is l(-2)?
6
Let w(b) be the third derivative of 4/3*b**3 + 1/60*b**5 + 0 - 1/24*b**4 + 15*b**2 + 0*b. Suppose -3*r + r = 0. Calculate w(r).
8
Let a(f) = 2*f**3 - 6*f**2 - 7*f + 6. Let j = 9 + -3. Suppose -r = r - j. Let o(v) = -5*v**3 + 12*v**2 + 15*v - 12. Let w(g) = r*o(g) + 7*a(g). Give w(-5).
1
Suppose 3*l + 9 = 0, 3*x + 9 + 15 = -3*l. Let r = x + 7. Let b(u) = 2*u - r*u**2 + 0*u + u**3 - 3*u**2 + 0*u**3 + 1. Determine b(4).
-7
Let y be 1 + (4 - (8 + 3)). Let a be (y/(-15))/(4/(-20)). Let n = 8 + a. Let t(s) = -s**3 + 6*s**2 - 5. What is t(n)?
-5
Let o(x) be the first derivative of 3*x**2/2 + 128. Give o(-1).
-3
Let d(o) = 3*o + 5. Suppose 7*b - 90 = -6. Suppose f + 19 = b. What is d(f)?
-16
Suppose -3*t = 2*w - 11 - 42, 5*w - 28 = -2*t. Let n(a) = -2*a - 6*a - 12*a + t*a. Calculate n(5).
-5
Let j(t) = -t - 4 + 9 + 2*t - 12. Let m be (2/4)/(2/24). Let i be j(m). Let f(g) = 16*g**2 - 1. Give f(i).
15
Let l(v) = -2*v**2 + 3*v - 2*v + 0 + 4. Suppose 0 = 498*b - 490*b - 24. What is l(b)?
-11
Let d be 14/20*8 + (-24)/(-60). Let t(b) = -b**3 - b**2 + b. Let w(k) = 5*k**3 + 12*k**2 + 2*k - 2. Let g(p) = d*t(p) + w(p). Determine g(7).
5
Let g(z) = 5 + 3*z + z**2 - 3*z - 2*z + 11*z. Let f = 140 - 148. Determine g(f).
-3
Suppose 4*d - 2 = 2, 4*d = 5*r - 21. Suppose -21 = -2*a + 5*t, 2*a + r*t + 5 + 4 = 0. Let y(u) = -u**2 - u - 1. Calculate y(a).
-13
Suppose 5*k + 3 + 27 = 0. Let z be 62/(-12) + (-1)/k. Let s(c) = -c - 1. Determine s(z).
4
Let n(m) = 2*m - 1. Let o(j) = -2*j**2 - j**2 + 11*j + 4*j**2 + 11. Let a = 43 - 53. Let s be o(a). Determine n(s).
1
Let l(z) = -z**3 + 4*z**2 - 2*z + 5. Suppose 4*o + 16 = w, 3*w - 6 = 5*o + 21. What is l(w)?
-3
Let t(u) = 16*u**3 - 3*u**2 - 2*u - 2. Let l(c) = 16*c**3 - 4*c**2 - 2*c - 3. Let f(j) = 3*l(j) - 4*t(j). What is f(1)?
-15
Let y(k) be the first derivative of k**5/20 + k**4/6 - k**3/2 - 4*k - 8. Let v(l) be the first derivative of y(l). What is v(-3)?
0
Let q(x) = -1 - 7*x - 1 - 1. Let d = -7537 - -7535. Calculate q(d).
11
Let j(b) = 7*b + 1. Let u(i) = -19*i - 6. Let c(r) = -3*j(r) - u(r). Let q = -6 + 11. Give c(q).
-7
Let v(p) be the second derivative of -2*p**3/3 - 2*p**2 - p. Let z be (-2)/2*-15*88/24. Suppose -15*a = -4*a + z. Determine v(a).
16
Let o be (-8)/14*(-22 - -8). Suppose -5*k - 7 = o. Let f(n) be the first derivative of n**4/4 + n**3 - n**2 - 3*n - 3. Calculate f(k).
3
Let k be ((-4)/4 - -3) + 28. Suppose -4*u - k = -38. Let m(w) = w**2 - 3*w - 1. Determine m(u).
-3
Let w(s) = -s**3 + 2*s**2 + 2*s + 1. Suppose 3 = 3*p - 3*a, -4*a - 6 = -22*p + 20*p. Calculate w(p).
2
Let l = -7